 2?
11123
In base 3, what is 100 - -10?
110
In base 10, what is 51 - -17?
68
In base 13, what is -3c5 - 7?
-3cc
In base 3, what is -2 - -10?
1
In base 9, what is -2 + -1436?
-1438
In base 4, what is 20312 + -3?
20303
In base 6, what is 0 - -110?
110
In base 8, what is 0 + -2020?
-2020
In base 13, what is -4 + -324?
-328
In base 5, what is 2401 + 2?
2403
In base 15, what is 34 - d4?
-a0
In base 8, what is 7 - 5570?
-5561
In base 8, what is 4 + -2042?
-2036
In base 3, what is -1 + -20011?
-20012
In base 11, what is -76 - 13?
-89
In base 11, what is 7 - 50?
-44
In base 13, what is -1 + 5?
4
In base 2, what is 11 - -110010001?
110010100
In base 11, what is 1 + -3a?
-39
In base 14, what is -2b9 + -5?
-2c0
In base 12, what is 5 - -1520?
1525
In base 4, what is 112320 - 1?
112313
In base 7, what is 11 - 145?
-134
In base 11, what is 4 - -5?
9
In base 13, what is -12 + -5b?
-70
In base 11, what is -1 + -6?
-7
In base 2, what is -1010010001 - 10?
-1010010011
In base 4, what is 3 + 13?
22
In base 4, what is -33 - -23?
-10
In base 5, what is -102 + -21?
-123
In base 5, what is 21 + -3?
13
In base 6, what is -552 + 4?
-544
In base 13, what is 17b - 4?
177
In base 16, what is -f + -f2?
-101
In base 10, what is 4 + 1514?
1518
In base 6, what is -3030 + -4?
-3034
In base 15, what is 41 + 8?
49
In base 10, what is -1 - -454?
453
In base 9, what is 2 - 148?
-146
In base 7, what is -4 - -151?
144
In base 6, what is 2 + -33?
-31
In base 6, what is -2134 - -13?
-2121
In base 15, what is -3 + -9?
-c
In base 8, what is 2 - 507?
-505
In base 15, what is -4 - 29?
-2d
In base 11, what is -6359 - 4?
-6362
In base 3, what is -2 + -10?
-12
In base 8, what is -3 - 2402?
-2405
In base 12, what is 46 - 35?
11
In base 14, what is -4986 + 1?
-4985
In base 7, what is 2242 - 3?
2236
In base 6, what is -4 + -105?
-113
In base 11, what is -3 - -2?
-1
In base 7, what is 0 - 111?
-111
In base 3, what is -1002 + -1011?
-2020
In base 8, what is 6475 - -5?
6502
In base 11, what is -3 - a7?
-aa
In base 15, what is -7 - -4d2?
4ca
In base 3, what is 0 + 11002220?
11002220
In base 16, what is -3 + -1?
-4
In base 4, what is -31 - 1003?
-1100
In base 15, what is 26 + -1?
25
In base 9, what is 1 - -52?
53
In base 5, what is -1 + 1131?
1130
In base 8, what is 45711 - -5?
45716
In base 14, what is 22 + b?
2d
In base 8, what is 57 - -64?
143
In base 3, what is -10 - -120?
110
In base 11, what is -65 - 2?
-67
In base 8, what is -610 - 23?
-633
In base 10, what is -65 + -19?
-84
In base 12, what is -1ba - -1?
-1b9
In base 10, what is -1 + -5437?
-5438
In base 15, what is 3 - -7d?
81
In base 12, what is 19 - -1?
1a
In base 9, what is 14854 - 4?
14850
In base 16, what is -4 + -7f?
-83
In base 10, what is 2 + -123?
-121
In base 6, what is 1305 + 1?
1310
In base 16, what is c1 - 2d?
94
In base 7, what is -20 - -1263?
1243
In base 14, what is 86 + 5?
8b
In base 9, what is 10574 - -2?
10576
In base 6, what is -30 - 1525?
-1555
In base 2, what is 10 + 1001101?
1001111
In base 10, what is -568 + -18?
-586
In base 9, what is -11642 - -4?
-11637
In base 15, what is -4 - -14?
10
In base 10, what is -5 + 664?
659
In base 6, what is 102 + -10?
52
In base 13, what is 6 - b5?
-ac
In base 4, what is 1 - -1020?
1021
In base 6, what is 202 + 12?
214
In base 9, what is 253 + 1?
254
In base 16, what is 5 - -10af?
10b4
In base 4, what is -2132 + -1?
-2133
In base 11, what is -6 - 0?
-6
In base 5, what is 24432 - -2?
24434
In base 13, what is 4a + -52?
-5
In base 3, what is 11 - 2110?
-2022
In base 2, what is 10100 - -101110?
1000010
In base 7, what is -3 + 10435?
10432
In base 2, what is -1 - -10111?
10110
In base 4, what is 312 - -20?
332
In base 12, what is -82 - -1b?
-63
In base 15, what is -119 + 3?
-116
In base 3, what is -1 - 10201?
-10202
In base 2, what is 101 + 111000011?
111001000
In base 8, what is -307 - 5?
-314
In base 3, what is 10 + -1002011?
-1002001
In base 15, what is 3 + -9?
-6
In base 3, what is -2 - -2101?
2022
In base 14, what is -424 - -2?
-422
In base 8, what is 3 + 3422?
3425
In base 12, what is -7 + 4?
-3
In base 4, what is -1101 + -2?
-1103
In base 5, what is -2131 - -3?
-2123
In base 9, what is -34076 - -3?
-34073
In base 16, what is -109 - 5?
-10e
In base 4, what is -21 - -3120?
3033
In base 13, what is 9 + -107?
-cb
In base 10, what is 22 + -356?
-334
In base 7, what is -1160 - 4?
-1164
In base 5, what is -2 - -14021?
14014
In base 11, what is -3 - 27?
-2a
In base 2, what is 0 + -100100111010?
-100100111010
In base 5, what is -301 - 131?
-432
In base 11, what is -5a - 1?
-60
In base 2, what is 0 + -111000?
-111000
In base 11, what is -602 + 8?
-5a5
In base 4, what is 0 + 222033?
222033
In base 8, what is 21742 + 2?
21744
In base 8, what is 43 + 532?
575
In base 6, what is 10 + 22522?
22532
In base 11, what is 236 + -2?
234
In base 12, what is -12 - 261?
-273
In base 10, what is -2 - 88?
-90
In base 7, what is -143 + 2?
-141
In base 9, what is -13 + 51?
37
In base 4, what is 2211 - 113?
2032
In base 7, what is 60 + -13?
44
In base 4, what is 11013 + -2?
11011
In base 14, what is -1a + 22?
6
In base 5, what is -2 - -30414?
30412
In base 13, what is -8b9 - -3?
-8b6
In base 15, what is 12 - -20?
32
In base 16, what is -3 - 1b0?
-1b3
In base 14, what is 261 + 47?
2a8
In base 4, what is -10 + 110?
100
In base 11, what is -29 + -147?
-175
In base 9, what is -55 + 0?
-55
In base 14, what is -53 - 0?
-53
In base 8, what is -114 - 142?
-256
In base 15, what is 1e - -3c?
5b
In base 15, what is -e + -e1?
-100
In base 9, what is 5 + -2447?
-2442
In base 6, what is -54120 + -3?
-54123
In base 10, what is -3940 - -5?
-3935
In base 4, what is -11 - -302?
231
In base 11, what is 3 - 223?
-220
In base 11, what is 3 + -218?
-215
In base 11, what is 0 + -60?
-60
In base 12, what is 14 + 139?
151
In base 6, what is -1030 - -3?
-1023
In base 8, what is 361 + -4?
355
In base 6, what is -52 - -13?
-35
In base 6, what is -141432 - 2?
-141434
In base 7, what is 113405 + 5?
113413
In base 15, what is 3d + 8d?
cb
In base 14, what is -4 + -1a1?
-1a5
In base 8, what is -7021 - 1?
-7022
In base 4, what is -131 - 213?
-1010
In base 2, what is 10 - 100111101?
-100111011
In base 5, what is -2134 + -11?
-2200
In base 9, what is -4 + 2651?
2646
In base 15, what is -7 + 1a6?
19e
In base 11, what is -1137 + -2?
-1139
In base 11, what is 86 + -3?
83
In base 13, what is 0 + -151?
-151
In base 16, what is 4f - 8?
47
In base 3, what is 1 - -1022?
1100
In base 14, what is -11a + 3?
-117
In base 6, what is 14 - -205?
223
In base 8, what is -13 + -5?
-20
In base 3, what is 112 - -12212?
20101
In base 12, what is 35 + 8?
41
In base 3, what is 1001 + 12?
1020
In base 14, what is 16 - 75?
-5d
In base 16, what is -f + 6c?
5d
In base 14, what is 46 - 72?
-2a
In base 5, what is -34 - 123?
-212
In base 13, what is -4bc4 + -4?
-4bc8
In base 7, what is -34206 + 2?
-34204
In base 7, what is -13 + 4?
-6
In base 7, what is 24 + 20?
44
In base 13, what is -2 - -14a?
148
In base 10, what is 2 - -166?
168
In base 6, what is 1345 + -2?
1343
In base 6, what is 20 + -4234?
-4214
In base 10, what is 4 - 33?
-29
In base 4, what is 130123 + 2?
130131
In base 5, what is 10 + -11311?
-11301
In base 11, what is -2 + -4a?
-51
In base 16, what is -ead - 4?
-eb1
In base 2, what is 100 + -110001101111?
-110001101011
In base 15, what is -974b - -4?
-9747
In base 12, what is 44a5 + 2?
44a7
In base 3, what is -12 - -221?
202
In base 13, what is -7 - 99c?
-9a6
In base 5, what is -1303 - 2?
-1310
In base 9, what is -4 + -1001?
-1005
In base 4, what is -2000 - -1232?
-102
In base 12, what is -9 + -1a?
-27
In base 12, what is -17 - 12?
-29
In base 6, what is -1110 - -3?
-1103
In base 3, what is -122001 + -11?
-122012
In base 3, what is 2100200 + -1?
2100122
In base 7, what is -4 + 2026?
2022
In base 16, what is 7 - -73?
7a
In base 12, what is -3 - -3560?
3559
In base 8, what is -4 + 716?
712
In base 15, what is 1a4 - -3?
1a7
In base 16, what is -110b - -6?
-1105
In base 5, what is 1320 + -1?
1314
In base 3, what is -11002 - -2?
-11000
In base 2, what is 11 + 1110?
10001
In base 12, what is -4 - -120?
118
In base 4, what is 10 + 2322?
2332
In base 5, what is -3224 - -10?
-3214
In base 4, what is -13 + 301?
222
In base 7, what is 5 + 1115?
1123
In base 12, what i